0230.
2, 5, 7190023
List the prime factors of 89602918.
2, 44801459
What are the prime factors of 3389791323?
3, 1129930441
What are the prime factors of 1318895170?
2, 5, 443, 297719
What are the prime factors of 1112928683?
337, 3302459
What are the prime factors of 4162475534?
2, 7, 17, 17489393
List the prime factors of 1386694229.
43, 197, 313, 523
What are the prime factors of 6451003?
13, 496231
What are the prime factors of 1968674799?
3, 7, 13, 37, 194899
What are the prime factors of 3006350361?
3, 7, 6817121
What are the prime factors of 2901615026?
2, 26539, 54667
List the prime factors of 45466476.
2, 3, 11, 173, 181
List the prime factors of 70066548.
2, 3, 181, 10753
List the prime factors of 34702161.
3, 13, 43, 20693
List the prime factors of 956403183.
3, 318801061
What are the prime factors of 1009201465?
5, 3041, 66373
What are the prime factors of 1523704678?
2, 109, 1367, 5113
What are the prime factors of 17767661?
23, 131, 5897
List the prime factors of 651085023.
3, 17, 12766373
List the prime factors of 329109550.
2, 5, 7, 11, 73, 1171
List the prime factors of 1764441927.
3, 65349701
List the prime factors of 176352062.
2, 59, 1494509
List the prime factors of 163904829.
3, 11, 4966813
What are the prime factors of 607598608?
2, 37, 563, 1823
List the prime factors of 202835897.
11, 41, 79, 5693
What are the prime factors of 2976022?
2, 7, 212573
What are the prime factors of 4156126489?
4156126489
List the prime factors of 3769054.
2, 1884527
What are the prime factors of 6301856395?
5, 17, 619, 119773
List the prime factors of 4120545311.
4120545311
What are the prime factors of 68037824?
2, 617, 1723
What are the prime factors of 1930510723?
1930510723
List the prime factors of 62079893.
2371, 26183
List the prime factors of 44213850.
2, 3, 5, 1213
List the prime factors of 688795451.
688795451
List the prime factors of 1199752421.
7, 31, 467, 11839
List the prime factors of 204505041.
3, 13, 403363
List the prime factors of 81364696.
2, 7, 207563
What are the prime factors of 3165643956?
2, 3, 3449, 76487
List the prime factors of 3813531.
3, 383, 3319
What are the prime factors of 56118952?
2, 7014869
List the prime factors of 84151156.
2, 17, 29, 139, 307
List the prime factors of 14990402.
2, 7, 37, 43, 673
What are the prime factors of 2640850?
2, 5, 52817
What are the prime factors of 831776014?
2, 47, 2251, 3931
List the prime factors of 5855568794.
2, 107, 1097, 24943
What are the prime factors of 1631351170?
2, 5, 163135117
What are the prime factors of 5309594219?
53, 100181023
What are the prime factors of 62428484?
2, 15607121
What are the prime factors of 911587710?
2, 3, 5, 11, 109, 25343
What are the prime factors of 10478541?
3, 29, 43, 2801
What are the prime factors of 53746201?
53746201
What are the prime factors of 222752390?
2, 5, 7, 19, 167483
List the prime factors of 4623358096.
2, 7, 41279983
What are the prime factors of 41672544?
2, 3, 503, 863
List the prime factors of 87973537.
157, 560341
What are the prime factors of 153248157?
3, 673, 25301
List the prime factors of 6144388325.
5, 31, 59, 83, 1619
What are the prime factors of 236589258?
2, 3, 47, 838969
List the prime factors of 146420138.
2, 73210069
List the prime factors of 205983531.
3, 13, 283, 6221
List the prime factors of 179892226.
2, 6793, 13241
List the prime factors of 1662879837.
3, 17, 1693, 19259
What are the prime factors of 4606989741?
3, 953, 537133
List the prime factors of 260404596.
2, 3, 157, 46073
List the prime factors of 23119814.
2, 167, 69221
List the prime factors of 884409013.
31, 28529323
What are the prime factors of 45072819?
3, 11, 307, 1483
List the prime factors of 174605942.
2, 7, 193, 64621
What are the prime factors of 7852506208?
2, 2969, 82651
List the prime factors of 277300864.
2, 467, 4639
List the prime factors of 1391543240.
2, 5, 23, 1512547
List the prime factors of 33241954.
2, 137, 121321
List the prime factors of 2024804.
2, 506201
List the prime factors of 365289773.
43, 199, 42689
List the prime factors of 139412325.
3, 5, 13, 17, 647
List the prime factors of 157896441.
3, 19, 923371
What are the prime factors of 62974697?
911, 69127
What are the prime factors of 1008854022?
2, 3, 11, 503, 30389
What are the prime factors of 222438568?
2, 11, 293, 8627
What are the prime factors of 123497929?
19, 181, 35911
What are the prime factors of 521539841?
521539841
List the prime factors of 11486174.
2, 7, 820441
What are the prime factors of 10260822?
2, 3, 11, 13, 11959
What are the prime factors of 731173123?
71, 1621, 6353
List the prime factors of 3786424640.
2, 5, 11832577
What are the prime factors of 151526768?
2, 9470423
What are the prime factors of 383929155?
3, 5, 43, 198413
List the prime factors of 13910118.
2, 3, 2318353
What are the prime factors of 130682749?
130682749
List the prime factors of 35711812.
2, 647, 13799
What are the prime factors of 757335097?
373, 2030389
List the prime factors of 51859216.
2, 3241201
List the prime factors of 660259473.
3, 67, 3284873
What are the prime factors of 653179582?
2, 11, 61, 486721
List the prime factors of 1106895494.
2, 12941, 42767
List the prime factors of 648162728.
2, 81020341
List the prime factors of 25570145.
5, 37, 89, 1553
List the prime factors of 530286793.
43, 317, 38903
List the prime factors of 297418813.
6703, 44371
What are the prime factors of 503670244?
2, 7, 11, 148663
What are the prime factors of 34967509?
34967509
What are the prime factors of 25285127?
7, 516023
What are the prime factors of 132383101?
23, 5755787
What are the prime factors of 22619307?
3, 293, 25733
List the prime factors of 2291922653.
23, 277, 15641
What are the prime factors of 47158026?
2, 3, 1777, 4423
What are the prime factors of 16595120?
2, 5, 283, 733
List the prime factors of 66429353.
17, 181, 21589
List the prime factors of 1856534591.
1856534591
List the prime factors of 228221333.
1831, 124643
List the prime factors of 63310403.
13, 1373, 3547
What are the prime factors of 1623300658?
2, 7, 17, 139, 49069
List the prime factors of 675495921.
3, 31, 1223, 5939
List the prime factors of 750093249.
3, 2719, 91957
List the prime factors of 46557961.
19, 733, 3343
What are the prime factors of 904515472?
2, 7, 8076031
List the prime factors of 379836862.
2, 31, 757, 8093
What are the prime factors of 170920576?
2, 47, 28411
List the prime factors of 18418211.
7, 2631173
What are the prime factors of 163095916?
2, 1787, 22817
List the prime factors of 392253296.
2, 101, 242731
List the prime factors of 18563628.
2, 3, 1546969
List the prime factors of 183793593.
3, 19, 3224449
What are the prime factors of 172530119?
101, 1708219
List the prime factors of 582145492.
2, 145536373
List the prime factors of 2188762366.
2, 7, 156340169
What are the prime factors of 1712399931?
3, 11, 269, 64301
List the prime factors of 4545529700.
2, 5, 17, 131, 20411
What are the prime factors of 1379848152?
2, 3, 103, 131, 4261
List the prime factors of 260083112.
2, 853, 38113
List the prime factors of 6064936341.
3, 1933, 1045859
What are the prime factors of 94072908?
2, 3, 1051, 7459
List the prime factors of 3259354800.
2, 3, 5, 13, 208933
What are the prime factors of 2007750268?
2, 501937567
What are the prime factors of 342810430?
2, 5, 41, 433, 1931
List the prime factors of 1755495175.
5, 7, 971, 10331
List the prime factors of 672363831.
3, 224121277
What are the prime factors of 12249916?
2, 7, 437497
What are the prime factors of 924766754?
2, 103, 4489159
What are the prime factors of 1042826002?
2, 17, 191, 160583
What are the prime factors of 4083818573?
31, 239, 551197
List the prime factors of 92682436.
2, 7, 11, 17, 31, 571
What are the prime factors of 98007638?
2, 49003819
List the prime factors of 182621044.
2, 3637, 12553
What are the prime factors of 1059939136?
2, 16561549
What are the prime factors of 18622414?
2, 9311207
What are the prime factors of 466218957?
3, 97, 163, 9829
List the prime factors of 281196371.
17, 19, 870577
List the prime factors of 2731524332.
2, 317, 661, 3259
List the prime factors of 73281429.
3, 13, 69593
List the prime factors of 539845647.
3, 11, 41, 191, 2089
List the prime factors 